{"id":45,"date":"2020-06-09T20:15:55","date_gmt":"2020-06-09T20:15:55","guid":{"rendered":"http:\/\/sommerakademie-gutshaus-belitz.de\/?page_id=45"},"modified":"2026-01-28T05:50:49","modified_gmt":"2026-01-28T05:50:49","slug":"das-gutshaus","status":"publish","type":"page","link":"https:\/\/sommerakademie-gutshaus-belitz.de\/","title":{"rendered":"Sommerakademie"},"content":{"rendered":"\n<p>N<strong>achhaltig auftanken im Ambiente der Jahrhundertwende<\/strong><\/p>\n\n\n\n<p>Die Sommerakademie l\u00e4dt im Sommer 26 wieder in die besonderen R\u00e4umlichkeiten des Gutshaus Belitz ein. <\/p>\n\n\n\n<p>Bisher steht das Yoga &amp; Kunst Retreat am letztne Mai Wochenende<\/p>\n\n\n\n<p><a href=\"http:\/\/sommerakademie-gutshaus-belitz.de\/?page_id=2-admin\/post.php?post=2\">Zum Seminarprogramm<\/a><\/p>\n\n\n\n<p><strong>Das Gutshaus<\/strong><\/p>\n\n\n\n<p>Das Gutshaus Belitz ist in dem Zustand wie ein Gutshaus um die Jahrhundertwende. Hier ist die Romantik und der Jugendstil erfahrbar. Die Historie einer Epoche, die kaum vorbei, aber mittlerweile unvorstellbar geworden ist, wird hier wieder lebendig.<\/p>\n\n\n\n<p>F\u00fcr die ARD Serie &#8222;Abenteuer 1900, Leben im Gutshaus&#8220; war das Gutshaus Belitz 2004 Drehort. Ein Jahr sp\u00e4ter auch f\u00fcr die Folgeserie &#8222;Abenteuer 1927, Sommerfrische&#8220;.<\/p>\n\n\n\n<p>Das Besondere und Einzigartige an diesem Gutshaus ist, dass es durch die ARD Filmproduktion und die liebevolle Arbeit der Familie Bongardt wieder in den Zustand eines Gutshauses um 1900 zur\u00fcckversetzt wurde.<\/p>\n\n\n\n<p>Die R\u00e4ume und Einrichtung erz\u00e4hlen viel dar\u00fcber wie vor \u00fcber 100 Jahren gelebt wurde.<\/p>\n\n\n\n<p>Man kann im Gutshaus \u00fcbernachten, man kann mithelfen bei der Pflege des Hauses und des Gartens, Holz hacken und am Kochkurs &#8222;Kochen wie zur Jahrhundertwende&#8220; teilnehmen.<\/p>\n\n\n\n<p><\/p>\n\n\n\n<p>Das Gutshaus Belitz versteht sich als lebendiges Museum, Ort des Zeitreisens und G\u00e4ste- und Seminarhaus.<\/p>\n\n\n\n<p><\/p>\n\n\n\n<p><\/p>\n","protected":false},"excerpt":{"rendered":"<p>Nachhaltig auftanken im Ambiente der Jahrhundertwende Die Sommerakademie l\u00e4dt im Sommer 26 wieder in die besonderen R\u00e4umlichkeiten des Gutshaus Belitz ein. Bisher steht das Yoga &amp; Kunst Retreat am letztne&hellip; <br \/> <a class=\"read-more\" href=\"https:\/\/sommerakademie-gutshaus-belitz.de\/\">Weiterlesen<\/a><\/p>\n","protected":false},"author":1,"featured_media":14,"parent":0,"menu_order":0,"comment_status":"closed","ping_status":"closed","template":"page-templates\/page-with-right-sidebar.php","meta":{"footnotes":""},"class_list":["post-45","page","type-page","status-publish","has-post-thumbnail","hentry"],"yoast_head":"<!-- This site is optimized with the Yoast SEO plugin v27.6 - https:\/\/yoast.com\/product\/yoast-seo-wordpress\/ -->\n<title>Sommerakademie - Sommerakademie Gutshaus Belitz<\/title>\n<meta name=\"robots\" content=\"index, follow, max-snippet:-1, max-image-preview:large, max-video-preview:-1\" \/>\n<link rel=\"canonical\" href=\"https:\/\/sommerakademie-gutshaus-belitz.de\/\" \/>\n<meta property=\"og:locale\" content=\"de_DE\" \/>\n<meta property=\"og:type\" content=\"article\" \/>\n<meta property=\"og:title\" content=\"Sommerakademie - Sommerakademie Gutshaus Belitz\" \/>\n<meta property=\"og:description\" content=\"Nachhaltig auftanken im Ambiente der Jahrhundertwende Die Sommerakademie l\u00e4dt im Sommer 26 wieder in die besonderen R\u00e4umlichkeiten des Gutshaus Belitz ein. Bisher steht das Yoga &amp; Kunst Retreat am letztne&hellip; Weiterlesen\" \/>\n<meta property=\"og:url\" content=\"https:\/\/sommerakademie-gutshaus-belitz.de\/\" \/>\n<meta property=\"og:site_name\" content=\"Sommerakademie Gutshaus Belitz\" \/>\n<meta property=\"article:modified_time\" content=\"2026-01-28T05:50:49+00:00\" \/>\n<meta property=\"og:image\" content=\"http:\/\/sommerakademie-gutshaus-belitz.de\/wp-content\/uploads\/2020\/06\/1160150-scaled.jpg\" \/>\n\t<meta property=\"og:image:width\" content=\"2560\" \/>\n\t<meta property=\"og:image:height\" content=\"1440\" \/>\n\t<meta property=\"og:image:type\" content=\"image\/jpeg\" \/>\n<meta name=\"twitter:card\" content=\"summary_large_image\" \/>\n<meta name=\"twitter:label1\" content=\"Gesch\u00e4tzte Lesezeit\" \/>\n\t<meta name=\"twitter:data1\" content=\"2\u00a0Minuten\" \/>\n<script type=\"application\/ld+json\" class=\"yoast-schema-graph\">{\"@context\":\"https:\\\/\\\/schema.org\",\"@graph\":[{\"@type\":\"WebPage\",\"@id\":\"https:\\\/\\\/sommerakademie-gutshaus-belitz.de\\\/\",\"url\":\"https:\\\/\\\/sommerakademie-gutshaus-belitz.de\\\/\",\"name\":\"Sommerakademie - Sommerakademie Gutshaus Belitz\",\"isPartOf\":{\"@id\":\"https:\\\/\\\/sommerakademie-gutshaus-belitz.de\\\/#website\"},\"primaryImageOfPage\":{\"@id\":\"https:\\\/\\\/sommerakademie-gutshaus-belitz.de\\\/#primaryimage\"},\"image\":{\"@id\":\"https:\\\/\\\/sommerakademie-gutshaus-belitz.de\\\/#primaryimage\"},\"thumbnailUrl\":\"https:\\\/\\\/sommerakademie-gutshaus-belitz.de\\\/wp-content\\\/uploads\\\/2020\\\/06\\\/1160150-scaled.jpg\",\"datePublished\":\"2020-06-09T20:15:55+00:00\",\"dateModified\":\"2026-01-28T05:50:49+00:00\",\"breadcrumb\":{\"@id\":\"https:\\\/\\\/sommerakademie-gutshaus-belitz.de\\\/#breadcrumb\"},\"inLanguage\":\"de\",\"potentialAction\":[{\"@type\":\"ReadAction\",\"target\":[\"https:\\\/\\\/sommerakademie-gutshaus-belitz.de\\\/\"]}]},{\"@type\":\"ImageObject\",\"inLanguage\":\"de\",\"@id\":\"https:\\\/\\\/sommerakademie-gutshaus-belitz.de\\\/#primaryimage\",\"url\":\"https:\\\/\\\/sommerakademie-gutshaus-belitz.de\\\/wp-content\\\/uploads\\\/2020\\\/06\\\/1160150-scaled.jpg\",\"contentUrl\":\"https:\\\/\\\/sommerakademie-gutshaus-belitz.de\\\/wp-content\\\/uploads\\\/2020\\\/06\\\/1160150-scaled.jpg\",\"width\":2560,\"height\":1440},{\"@type\":\"BreadcrumbList\",\"@id\":\"https:\\\/\\\/sommerakademie-gutshaus-belitz.de\\\/#breadcrumb\",\"itemListElement\":[{\"@type\":\"ListItem\",\"position\":1,\"name\":\"Startseite\",\"item\":\"https:\\\/\\\/sommerakademie-gutshaus-belitz.de\\\/\"},{\"@type\":\"ListItem\",\"position\":2,\"name\":\"Sommerakademie\"}]},{\"@type\":\"WebSite\",\"@id\":\"https:\\\/\\\/sommerakademie-gutshaus-belitz.de\\\/#website\",\"url\":\"https:\\\/\\\/sommerakademie-gutshaus-belitz.de\\\/\",\"name\":\"Sommerakademie Gutshaus Belitz\",\"description\":\"Nachhaltig auftanken im Ambiente der Jahrhundertwende\",\"potentialAction\":[{\"@type\":\"SearchAction\",\"target\":{\"@type\":\"EntryPoint\",\"urlTemplate\":\"https:\\\/\\\/sommerakademie-gutshaus-belitz.de\\\/?s={search_term_string}\"},\"query-input\":{\"@type\":\"PropertyValueSpecification\",\"valueRequired\":true,\"valueName\":\"search_term_string\"}}],\"inLanguage\":\"de\"}]}<\/script>\n<!-- \/ Yoast SEO plugin. -->","yoast_head_json":{"title":"Sommerakademie - Sommerakademie Gutshaus Belitz","robots":{"index":"index","follow":"follow","max-snippet":"max-snippet:-1","max-image-preview":"max-image-preview:large","max-video-preview":"max-video-preview:-1"},"canonical":"https:\/\/sommerakademie-gutshaus-belitz.de\/","og_locale":"de_DE","og_type":"article","og_title":"Sommerakademie - Sommerakademie Gutshaus Belitz","og_description":"Nachhaltig auftanken im Ambiente der Jahrhundertwende Die Sommerakademie l\u00e4dt im Sommer 26 wieder in die besonderen R\u00e4umlichkeiten des Gutshaus Belitz ein. Bisher steht das Yoga &amp; Kunst Retreat am letztne&hellip; Weiterlesen","og_url":"https:\/\/sommerakademie-gutshaus-belitz.de\/","og_site_name":"Sommerakademie Gutshaus Belitz","article_modified_time":"2026-01-28T05:50:49+00:00","og_image":[{"width":2560,"height":1440,"url":"http:\/\/sommerakademie-gutshaus-belitz.de\/wp-content\/uploads\/2020\/06\/1160150-scaled.jpg","type":"image\/jpeg"}],"twitter_card":"summary_large_image","twitter_misc":{"Gesch\u00e4tzte Lesezeit":"2\u00a0Minuten"},"schema":{"@context":"https:\/\/schema.org","@graph":[{"@type":"WebPage","@id":"https:\/\/sommerakademie-gutshaus-belitz.de\/","url":"https:\/\/sommerakademie-gutshaus-belitz.de\/","name":"Sommerakademie - Sommerakademie Gutshaus Belitz","isPartOf":{"@id":"https:\/\/sommerakademie-gutshaus-belitz.de\/#website"},"primaryImageOfPage":{"@id":"https:\/\/sommerakademie-gutshaus-belitz.de\/#primaryimage"},"image":{"@id":"https:\/\/sommerakademie-gutshaus-belitz.de\/#primaryimage"},"thumbnailUrl":"https:\/\/sommerakademie-gutshaus-belitz.de\/wp-content\/uploads\/2020\/06\/1160150-scaled.jpg","datePublished":"2020-06-09T20:15:55+00:00","dateModified":"2026-01-28T05:50:49+00:00","breadcrumb":{"@id":"https:\/\/sommerakademie-gutshaus-belitz.de\/#breadcrumb"},"inLanguage":"de","potentialAction":[{"@type":"ReadAction","target":["https:\/\/sommerakademie-gutshaus-belitz.de\/"]}]},{"@type":"ImageObject","inLanguage":"de","@id":"https:\/\/sommerakademie-gutshaus-belitz.de\/#primaryimage","url":"https:\/\/sommerakademie-gutshaus-belitz.de\/wp-content\/uploads\/2020\/06\/1160150-scaled.jpg","contentUrl":"https:\/\/sommerakademie-gutshaus-belitz.de\/wp-content\/uploads\/2020\/06\/1160150-scaled.jpg","width":2560,"height":1440},{"@type":"BreadcrumbList","@id":"https:\/\/sommerakademie-gutshaus-belitz.de\/#breadcrumb","itemListElement":[{"@type":"ListItem","position":1,"name":"Startseite","item":"https:\/\/sommerakademie-gutshaus-belitz.de\/"},{"@type":"ListItem","position":2,"name":"Sommerakademie"}]},{"@type":"WebSite","@id":"https:\/\/sommerakademie-gutshaus-belitz.de\/#website","url":"https:\/\/sommerakademie-gutshaus-belitz.de\/","name":"Sommerakademie Gutshaus Belitz","description":"Nachhaltig auftanken im Ambiente der Jahrhundertwende","potentialAction":[{"@type":"SearchAction","target":{"@type":"EntryPoint","urlTemplate":"https:\/\/sommerakademie-gutshaus-belitz.de\/?s={search_term_string}"},"query-input":{"@type":"PropertyValueSpecification","valueRequired":true,"valueName":"search_term_string"}}],"inLanguage":"de"}]}},"_links":{"self":[{"href":"https:\/\/sommerakademie-gutshaus-belitz.de\/index.php?rest_route=\/wp\/v2\/pages\/45","targetHints":{"allow":["GET"]}}],"collection":[{"href":"https:\/\/sommerakademie-gutshaus-belitz.de\/index.php?rest_route=\/wp\/v2\/pages"}],"about":[{"href":"https:\/\/sommerakademie-gutshaus-belitz.de\/index.php?rest_route=\/wp\/v2\/types\/page"}],"author":[{"embeddable":true,"href":"https:\/\/sommerakademie-gutshaus-belitz.de\/index.php?rest_route=\/wp\/v2\/users\/1"}],"replies":[{"embeddable":true,"href":"https:\/\/sommerakademie-gutshaus-belitz.de\/index.php?rest_route=%2Fwp%2Fv2%2Fcomments&post=45"}],"version-history":[{"count":11,"href":"https:\/\/sommerakademie-gutshaus-belitz.de\/index.php?rest_route=\/wp\/v2\/pages\/45\/revisions"}],"predecessor-version":[{"id":461,"href":"https:\/\/sommerakademie-gutshaus-belitz.de\/index.php?rest_route=\/wp\/v2\/pages\/45\/revisions\/461"}],"wp:featuredmedia":[{"embeddable":true,"href":"https:\/\/sommerakademie-gutshaus-belitz.de\/index.php?rest_route=\/wp\/v2\/media\/14"}],"wp:attachment":[{"href":"https:\/\/sommerakademie-gutshaus-belitz.de\/index.php?rest_route=%2Fwp%2Fv2%2Fmedia&parent=45"}],"curies":[{"name":"wp","href":"https:\/\/api.w.org\/{rel}","templated":true}]}}